factors of j.
3, 7
Let s = 17 - -139. List the prime factors of s.
2, 3, 13
Let l(o) = -3*o + 127*o**2 - 126*o**2 - 40 + 2*o. Let a(f) = -2*f**2 + 2*f + 79. Let y(r) = -3*a(r) - 7*l(r). List the prime factors of y(0).
43
Let p = 9 - 6. Suppose 5*x - 2*y - 3*y = 165, -p*y = -6. List the prime factors of x.
5, 7
Let s be (127/3 - (-6)/9) + -1. Let g = 87 - s. List the prime factors of g.
3, 5
What are the prime factors of (0/6 - -8) + -5?
3
Suppose -5*g = a + a - 9, g + 2*a + 3 = 0. Let u = 218 + -203. What are the prime factors of g*(-10)/u + 45?
43
Let i(f) = -9 - 7*f - 3 - 12*f. What are the prime factors of i(-4)?
2
List the prime factors of 1/(-2)*(-6420 - -46).
3187
Suppose n = 2*n - 200. Suppose -2*t + 210 = 2*v, t = -t + 3*v + n. List the prime factors of t.
103
Let f(r) be the first derivative of r**2/2 - 14*r - 9. Let w be f(19). Suppose w*q - 3*p - 337 = 0, 3*p + 272 = 8*q - 4*q. What are the prime factors of q?
5, 13
Let m(k) = -7*k**3 - 16*k**2 + 8*k. List the prime factors of m(-7).
7, 223
Let v = -15 + 17. Suppose -6*u = -v*u - 160. List the prime factors of u.
2, 5
Let y(q) = 4*q + 40. Let k be y(-9). Suppose -2*l + 76 = 2*a, -177 = -k*l - 2*a - 31. List the prime factors of l.
5, 7
Let q(t) = t**3 + t + 2*t - 5*t + 0*t - 2*t**2. Let z be q(3). Suppose 4*r = z*r + 19. What are the prime factors of r?
19
Suppose 2*f + 848 = -5*h + 7*h, -852 = -2*h + 4*f. What are the prime factors of h?
2, 211
Suppose -7*s + 8 = -6*s. Suppose -s*g + 1257 - 185 = 0. What are the prime factors of g?
2, 67
Let o = 5 - -3. Let d(a) = a - 3. Let p be d(o). Suppose -46 = -p*z - 1. What are the prime factors of z?
3
Let r(a) = -236*a - 740. What are the prime factors of r(-6)?
2, 13
Let j be ((-51)/(-34))/(6/56). Let p be -13 + j + 163*1. Suppose -2*s - 2*s = -p. List the prime factors of s.
41
Let h(i) be the third derivative of 23*i**4/24 + i**3/3 - i**2. Let v be h(-2). What are the prime factors of v/(-2) + (-6 - -7)?
23
Let z = 3 + -3. Suppose -2*k + 1 + 29 = z. List the prime factors of (6 - 1)*36/k.
2, 3
Suppose 1 = -q - 1, -6 = -4*t - 3*q. Suppose -p - t = -26. What are the prime factors of p?
23
Let j = -282 + 424. What are the prime factors of j?
2, 71
Let x(m) = 2*m**2 - 49*m + 103. List the prime factors of x(24).
79
Let q be (-4)/((-34)/(-10) - 3). Let d = q - -23. What are the prime factors of d?
13
Let h = 16 + -11. Suppose 2*t - h*w + 12 = -0*w, -2*t + w = 20. Let b = 64 - t. List the prime factors of b.
3, 5
Let k(s) = -s + 19. Let a(d) = -d + 12. Let h be a(7). Let p = -5 + h. List the prime factors of k(p).
19
Let b = 14 - 11. Suppose 0 = 2*r - 4*q, r - 2*q + q - b = 0. Suppose -r*g - 176 = -10*g. What are the prime factors of g?
2, 11
Let x be 1 - (1 + -2 + 3). Let o be 4 - -1 - 0/x. Suppose -d + 4*w = 2*w - 18, 4*d + o*w - 98 = 0. What are the prime factors of d?
2, 11
List the prime factors of (39/(-4))/((-51)/3332).
7, 13
Let z be (-461)/(-3) - 4/(-36)*3. Let h = 265 - z. List the prime factors of h.
3, 37
Let q(u) = u**3 - 16*u**2 + 15*u - 20. Suppose -5*m = -109 + 34. Let l be q(m). List the prime factors of (-1)/(-4) + (-495)/l.
5
Let y be 19/(-4) - (-12)/16. Let g be 969/34 - (-2)/y. Suppose o - g = 10. List the prime factors of o.
2, 19
Suppose 2*u + 3 = -5. Let m be 1 + (-2 - u)/(-2). Suppose -i + m = -20. What are the prime factors of i?
2, 5
Suppose 9*d - 1921 = 1220. List the prime factors of d.
349
Let n = -943 - -1357. What are the prime factors of n?
2, 3, 23
List the prime factors of (-6)/10*-5 - 1.
2
Let q be (-5)/((-1)/((-3)/1)). Let t be (-3 + q/3)/(-2). Let c = 45 + t. List the prime factors of c.
7
Suppose 0 = -3*i + u - 5*u - 4, -i - 16 = 5*u. Suppose -12 = -4*a, -2 = -2*f - 4*a + 6. List the prime factors of f/i + (-531)/(-18).
29
Let u(y) = -3*y + 7*y - 5 - 2 - 6*y. Let g be u(-6). Suppose 4*f = -0*m + 2*m + 142, 0 = g*f - 4*m - 182. What are the prime factors of f?
2, 17
Let z = 111 - 54. Let x = z + -91. Let h = x + 106. What are the prime factors of h?
2, 3
Let g = 6 - 2. Suppose 0 = -2*n - 2*o + 5*o - 8, g*n + 3*o - 20 = 0. Suppose -n*b + 3 = -45. What are the prime factors of b?
2, 3
Let o = 179 - -103. What are the prime factors of o?
2, 3, 47
Suppose -121 = 5*n - 4*g, 5*n - 6*n = 4*g + 5. What are the prime factors of (n/9)/((-1)/111)?
7, 37
Suppose 21*y - 24*y + 15255 = 0. What are the prime factors of y?
3, 5, 113
Let n(l) be the second derivative of -1/20*l**5 - 1/3*l**3 + 6*l**2 - 3*l - 5/4*l**4 + 0. List the prime factors of n(-15).
2, 3, 7
Suppose -4*o + 2 = -18. Suppose 25 = 5*a, -2*l - o = -3*a + 6. What are the prime factors of l?
2
Let o(s) = -2*s + 2*s**2 + 6*s - 2 - 1. Let q = 350 - 355. What are the prime factors of o(q)?
3
Let w = -1417 + 3156. List the prime factors of w.
37, 47
Let k(s) = 13*s**2 - 16*s - 33. Let r(x) = 3*x**2 - 4*x - 8. Let n(a) = -4*k(a) + 18*r(a). List the prime factors of n(8).
2, 13
Suppose 0 = 2*w + 5*w - 1890. Suppose -2*p + 5*l + 108 = -0*p, 5*p - 5*l - w = 0. What are the prime factors of p?
2, 3
Let p(x) = 235*x**3 + x**2 - 13*x + 29. List the prime factors of p(2).
3, 17, 37
Let r(t) = -75*t + 17. What are the prime factors of r(-5)?
2, 7
Suppose -2*p = 1939 - 3205. What are the prime factors of p?
3, 211
Let l(d) = 4*d**2 - 4*d - 107. List the prime factors of l(16).
853
Let v = -102 + 600. Let q = 706 - v. What are the prime factors of q?
2, 13
Suppose -35*h + 33*h = -1088. List the prime factors of h.
2, 17
Suppose 7*s = 12*s + 25, 2*w - 37 = 3*s. List the prime factors of w.
11
Suppose -3*r + 162 = 9*b - 4*b, 3*r + 78 = 3*b. Suppose 26*o + 36 = b*o. What are the prime factors of o?
3
Suppose 3*g = g - 10, -4*p + 6883 = -3*g. What are the prime factors of p?
17, 101
Let c be 15/10*(-12)/(-3). Suppose c*k = 5*k + 59. What are the prime factors of k?
59
Suppose 3*a - 1 = 2*h + 1, h = 3*a - 4. List the prime factors of 29/1 + (h - 5).
2, 13
Let x(k) = -3*k**2 + 6*k - 6. Let q(z) = 7*z**2 - 12*z + 11. Let f(r) = -2*q(r) - 5*x(r). What are the prime factors of f(10)?
2, 3
Let q = 987 + -466. What are the prime factors of q?
521
Suppose 0 = -16*d + 4528 + 3056. What are the prime factors of d?
2, 3, 79
Suppose 0*m - m + 563 = 2*p, -578 = -2*p + 2*m. What are the prime factors of p?
2, 71
Let s = 14 + -23. Let x be (s/2)/((-11)/132). Let k = x + -38. What are the prime factors of k?
2
Let o be (-24)/14 + 2/(-7). Let h(k) = -k + 1. Let u(c) = 14*c - 3. Let z(v) = -4*h(v) - u(v). List the prime factors of z(o).
19
Let a(d) be the first derivative of 2*d + 11/3*d**3 + 3 - 1/4*d**4 - 3*d**2. List the prime factors of a(10).
2, 3, 7
Suppose f - 2 = -0. Suppose -21 - f = -z. List the prime factors of z.
23
Suppose b = -3*v - v - 525, -4*v = -4*b + 520. Let i = v - -338. Suppose 3*l - 3*j = 153, 0 = 3*l + j + 54 - i. List the prime factors of l.
3, 17
Let z(f) = 10*f**2 + 14*f + 75. What are the prime factors of z(-6)?
3, 13
Let u = 33 - -49. Suppose u = 4*a - 2*x, -2*x = 2*a - 7*x - 53. List the prime factors of a.
19
Suppose -2*t = 4*w - 94, t = -2*t - 2*w + 145. Suppose -3*n = -5*d + 20, 2*d - 3*d + 4 = -4*n. List the prime factors of n/4 - t/(-1).
7
Suppose -2*h + 4*h - 736 = 0. Suppose 9*p = 5*p + h. Suppose -6*c = -10*c + p. List the prime factors of c.
23
Let p(w) = 2*w**2 - 9*w + 2. Let y = -383 - -75. Let b be 2/(-7) + y/(-49). List the prime factors of p(b).
2, 5
What are the prime factors of ((-1326)/(-30) - -1)/((-6)/(-90))?
2, 3, 113
Suppose -42053 = -41*f - 7244. List the prime factors of f.
3, 283
Suppose 2*b + 1628 = x, -3*x + 0*x + 1620 = -2*b. Let v = -583 - b. What are the prime factors of v?
233
Suppose -50 = 2*s - 7*s. Suppose 2*p = -0*p + s. Suppose -3*b - 3*y = -117, -b + p*y + 22 = -17. List the prime factors of b.
3, 13
Let t = 4191 - 1942. List the prime factors of t.
13, 173
Let j(y) = -2*y**2 + 15*y + 12. Let v(t) = -t**2 + 7*t + 6. Let n(w) = -4*j(w) + 7*v(w). Let c be n(12). Suppose 4*o - 7*o = -c. List the prime factors of o.
2
List the prime factors of (358 + -2)*15/60.
89
Let n = -793 - -1089. What are the prime factors of n?
2, 37
Suppose 21*y - 16*y - 3085 = 0. What are the prime factors of y?
617
Let w(q) = 8*q**3 - q**2 + q - 1. Let m be ((-36)/(-63))/(4/14). Let u = 3 - m. What are the prime factors of w(u)?
7
Let x = 2584 + 228.